 Let y be (28/(-8))/((-1)/(-2)). Let p be (-3)/(3/y + 0). What is the units digit of k(p)?
7
Let k(c) = 7*c**2 + c - 6. Let d be k(9). Let h = d - 216. What is the units digit of h?
4
Suppose -12 = -4*w, -2*i = 2*i + 5*w + 805. Let z = -127 - i. What is the units digit of z?
8
Let x(c) = 24*c**2 - c - 1 + 6*c + 6*c. What is the hundreds digit of x(-3)?
1
Let v be 30/(-75)*(-3)/((-6)/(-10)). Suppose 0 = -2*a - v*y + 290, 4*a + 2*y + 22 = 602. What is the units digit of a?
5
Let v(k) = -k**2 - 25*k + 8. Let h be v(-18). Suppose 1119 = 5*t + h. What is the hundreds digit of t?
1
Suppose -2*q - 25 = 5*x, 0 = -0*q - 2*q - 2*x - 10. Let l be -4 + 7 - (-1 + q). Suppose -5*y - 54 - 21 = -f, l*f - 236 = 4*y. What is the units digit of f?
5
Let o = 375 + -236. What is the hundreds digit of o?
1
Suppose t - c = 344, -12*t + 1336 = -8*t + 4*c. What is the units digit of t?
9
Suppose -9*g = -7*g - 10. Suppose n = -0 - 4, g*n = -4*h + 352. What is the tens digit of h?
9
Let d = 98 + -94. Let q(k) = k**2 + 5*k + 2. Let r be q(-5). Suppose d*c = -r*c + 264. What is the units digit of c?
4
Let f = 8 + 29. Let r = -13 + f. Suppose -h + 5 = -r. What is the units digit of h?
9
Suppose -3*h + 5 = -1. Let b(r) = -3*r**3 + 3*r**3 - h*r**3. What is the tens digit of b(-2)?
1
Suppose 14*u + 423 = 11*u. What is the units digit of (-2)/(-2 - 279/u)?
4
Let l(q) = 30*q + 2. Let s be ((-4)/2)/1 + 5. Let r be l(s). What is the tens digit of 2/(-6)*(-1 - r)?
3
Let z = -57 - -323. Suppose -3*l = 4*t - 414 - 327, -5*t - z = -l. What is the hundreds digit of l?
2
Let b(h) = h**3 - 7*h**2 + 9*h - 16. Let g be b(6). Suppose -3*j + 328 = -7*v + 2*v, g*j = -4*v + 182. What is the units digit of j?
1
Suppose 0 = 3*z - 3, 5*t + 5*z - 46 = -11. Suppose -3*y + 61 = c - 83, -t = -2*c. What is the tens digit of y?
4
Let n(f) = -12*f + 1. Let l be 10/(-3)*(-27)/6. Suppose t - 11 = -l. What is the tens digit of n(t)?
4
Let q = 12716 + -8053. What is the hundreds digit of q?
6
Let z(u) = -u**2 - 27. Let j be z(0). What is the hundreds digit of ((-72)/j)/((-1)/(-39))?
1
Let j(b) = -b**3 - 2*b**2 - 4*b - 3. Let q be j(-2). Let m(v) = 2*v**3 - 13*v**2 - 7*v + 16. Let f be m(8). Suppose a + f = q*a. What is the tens digit of a?
3
Let l(v) = -10*v**3 + 3*v**3 - 7*v + 8*v. What is the units digit of l(-1)?
6
Let g(s) = 1000*s**2 - 35*s + 36. What is the thousands digit of g(1)?
1
Suppose 4*x + 0*j - 5*j + 559 = 0, -5*x - 706 = j. Let d = 201 + x. Let v = 111 - d. What is the units digit of v?
1
Let f = -221 + 221. Let n be 3 - 2 - -1*5. Let i = f + n. What is the units digit of i?
6
Suppose -4 = -5*j + 16. Suppose j*d - 24 = -0*d. What is the units digit of d?
6
Let b(d) = -d**2 + 17*d - 21. Let y(k) = -k - 1. Let l(o) = b(o) - 5*y(o). What is the units digit of l(7)?
9
Let y = 398 + -166. Suppose 0*d - 4*d + y = 0. What is the tens digit of d?
5
Let y(n) = n**3 - 8*n**2 + 3. Let h be y(6). What is the tens digit of 10/(-30)*h*1?
2
Let y = -1185 - -1825. What is the units digit of y?
0
Let k = -308 - -1332. What is the thousands digit of k?
1
Let n be (-4)/6 + (-24198)/(-9). Let i be (-5)/25 + n/15. Suppose 5*s - i = -x, 0 = -5*s - 3*x + x + 178. What is the units digit of s?
6
Suppose 73 = -2*t + 903. What is the tens digit of t?
1
Suppose -4*g = -7*g + 915. What is the units digit of g?
5
Let s be ((-36)/(-8))/((-1)/38). Let i = s + 300. Suppose -5*o = -g - i, 12 - 50 = -2*o - 3*g. What is the units digit of o?
5
Let j(r) = 95*r. Suppose 2*w - 5*m + 18 = 5*w, 0 = -2*w - 4*m + 14. What is the units digit of j(w)?
5
Let f be -3 + (5 - 0) + 27. Suppose 3*i + f = 2*h, 75 = -0*h + 5*h - 5*i. What is the tens digit of h?
1
Suppose 100899 = 243*p - 206*p. What is the hundreds digit of p?
7
Suppose 1 = v - 1. Let n be (v/4)/((-5)/(-10)). What is the units digit of (-2)/(28/36 - n)?
9
Let z(w) = 15*w**3 - 3*w**2 + 4*w - 3. What is the hundreds digit of z(2)?
1
Let t = -4858 - -6819. What is the units digit of t?
1
Suppose 3*l = -358 - 29. Let x = -38 - l. What is the units digit of x?
1
Let g(j) = -3*j + 54. What is the units digit of g(-34)?
6
Suppose -11*i + 8*i = -1920. What is the units digit of i?
0
Let z = -253 - -723. What is the hundreds digit of z?
4
Suppose -2*w + 804 + 52 = 0. What is the tens digit of w?
2
Suppose 14*f - 4078 = -984. What is the tens digit of f?
2
Let m(x) = 33*x - 12. Let b(w) = 32*w - 12. Let l(o) = -6*b(o) + 7*m(o). What is the tens digit of l(4)?
4
Let p(t) = -t**3 + 5*t**2 - 7*t + 10. Let h be p(4). What is the tens digit of 16*(h - (-123)/12)?
3
Suppose -14*x = -16*x + 92. Suppose 0 = -5*j - 4*q + x, -5*j + 41 = 3*q - 1. Suppose -2*i + j = -38. What is the tens digit of i?
2
Let h(r) = -58*r + 79. What is the hundreds digit of h(-9)?
6
Let b(j) = -j**3 - j - 4. Let q be b(0). Let m be (q/6)/(2/(-3)). Let n(u) = 18*u**2 + 2*u - 1. What is the tens digit of n(m)?
1
Suppose -4*j - 59 = -5*j + 2*q, 2*j - 126 = -4*q. Let r = j + 93. What is the tens digit of r?
5
Let y be 4 + -3 + (-6)/(-1). Let h(s) = s**3 - 7*s**2 + 6*s. Let n be h(6). Suppose n*l - l = -y. What is the units digit of l?
7
Let q(s) = 7*s**2 + 12*s**2 - 11*s**2 + s**3 + 12*s - 3*s + 6. Let n = -16 - -10. What is the tens digit of q(n)?
2
Let x = -534 + 894. What is the tens digit of x?
6
Let v(b) = -279*b - 5. Let u be v(-2). Let q = -311 + u. What is the units digit of q?
2
Suppose g + 2*g + 9 = 0. What is the units digit of g - (-4 - (-32)/(-2))?
7
Suppose 0 = n + 2*a - 4*a + 5, -4*n = -3*a. Let v = 20 + 3. Suppose n*x - 67 = v. What is the units digit of x?
0
Let h(l) = -221*l + 213*l - 3 - 5 + 5*l**2 - 3. What is the hundreds digit of h(-7)?
2
Let h(r) = -r - 20*r**2 - r + 10 + 21*r**2. What is the units digit of h(12)?
0
Let h(s) = 73*s**3 - 5*s**2 + 9*s - 18. What is the hundreds digit of h(3)?
9
Let c = 3 + 2. Suppose c*y - 4*y - 3 = 0. Suppose r = -3*m + 7*m - 63, y*m = 2*r + 41. What is the units digit of m?
7
Let a = -39 - -27. What is the hundreds digit of (-4)/(-3) - (-3 - (-1352)/a)?
1
Let f(i) = -142*i**3 + 3*i + 2. Let o(r) = 6*r + 23. Let d be o(-4). What is the units digit of f(d)?
1
Suppose 2*r + 0*r + 3*x - 2 = 0, -5*r - 2*x + 27 = 0. Suppose 4*v - r*v = -66. What is the tens digit of v?
2
Let f be (3 - (1 - -2))/2. Suppose 5*d - 7 = i, i + 0*i + 5*d - 13 = f. Suppose -i*p - 18 = -93. What is the tens digit of p?
2
Let q = 6 - 6. Suppose u + 5 = q, f = 5*u + 8 + 21. Let n = f + 16. What is the units digit of n?
0
Let y = -52 - -103. Suppose -2 = -f, -145 = -4*o + 5*f - y. What is the units digit of o?
6
Let b(c) = -c - 3. Let p be b(-7). Suppose p*d = z + 47, 0 = -3*d + z - 0*z + 36. Suppose 6*n - d*n + 400 = 0. What is the tens digit of n?
8
Let f = -1048 + 1684. What is the tens digit of f?
3
Let x be (-17)/(-3) + (-14)/21. Suppose x*z = 10*z - 20. Suppose z*p + 2*j - 36 = 0, 3*p - 5*j - 12 - 2 = 0. What is the units digit of p?
8
Let v = -34 - -38. Suppose v*d - d = 285. What is the units digit of d?
5
Suppose -m = -0*m - 79. Let z = m - 26. What is the units digit of z?
3
Let s = 309 - -312. What is the units digit of s?
1
What is the units digit of 181*1*-11*1/(-11)?
1
Let q be (-4 + 4)*((-2)/(-4) + 0). Let l(j) = j**3 - j**2 - j + 87. What is the tens digit of l(q)?
8
Let n(s) = -s**3 + 6 + s + 10 - 9 + 5*s**2. What is the tens digit of n(4)?
2
Suppose -5*t + 1 = -169. Suppose 2*p - 7 = 3*y + t, p = -3*y + 25. What is the units digit of (1 - (3 + p))*-1?
4
What is the units digit of (-19)/(-2)*(-6 - -82)?
2
Let c(w) = w**2 - 4*w + 2414. What is the tens digit of c(0)?
1
Suppose 4*r = 5*n + 22, 5*n - 6 + 25 = 3*r. Suppose -3*t - r = 0, 69 = 4*p + t - 6*t. Suppose p = -4*b, b + b = 5*l - 88. What is the tens digit of l?
1
Let o(q) = q**2 + 7*q - 25. Let k be o(3). Suppose -3*l + 60 = z + 2*z, 4*l - 97 = -k*z. What is the tens digit of z?
1
Let i be (-2 - 1)/(5 - 6). Let n(r) = -3*r**3 + r**2 + 4*r - 3. Let h be n(i). What is the units digit of -3 - -2 - (h - 2)?
4
Let b = -43 - -272. Suppose 4*x - 143 = b. Suppose -x = 5*p - 8*p. What is the tens digit of p?
3
Suppose -450 = -4*f + 1454. Suppose 3*k - v + f = -1175, 0 = -4*k - v - 2213. What is the tens digit of (-1)/4 + k/(-32)?
1
Let f = 270 - 2. What is the units digit of f?
8
Suppose a + 12 = 5*a. Suppose -4*w = 2*g + 3*g - 1